15 - 1 - (-12 + -17).
13
Evaluate 19 + 9 + 7 + -28.
7
6 + 1 + (-5 - (8 + 3 + -6))
-3
3 - (-24 + 9 + 4)
14
-64 + 67 - (6 + 4)
-7
What is (-5 - (5 - 21)) + -7 + 1 + 1?
6
32 + 23 + -59 + (0 - 0 - 3)
-7
What is 29 + (-9 - (-16 + -3 + 8 - -8))?
23
What is the value of -2 - (-27 + 7 + 9) - 7?
2
What is (-1 - ((-6 - -7) + -6)) + -4?
0
Evaluate -6 + -11 + 21 + -2.
2
What is -2 - (-9 + 4) - (-3 - -2 - 0)?
4
Evaluate 3 + (2 + -8 - 4 - (-1 - 20)).
14
-4 + -2 - (2 + (-11 - -7) - 0)
-4
Calculate 6 + (-14 - -6 - -11).
9
What is -24 - ((0 - (0 + -4)) + (47 - 59))?
-16
Evaluate (-3 - 1 - 1) + -12 + 15 + 5.
3
What is 0 + ((-9 - -16) + -7 - 3)?
-3
Calculate -15 + 16 + 1 + -15.
-13
5 - 4 - ((-5 - -13) + -12)
5
14 + 8 + 4 + -18
8
Evaluate 2 - 8 - (15 + -14 + 0 + 5).
-12
Evaluate (40 - 23 - 48) + 21.
-10
Calculate -12 + 18 + 4 + -3.
7
Calculate 1 + -7 + ((8 - -5) + -11 - 28).
-32
Evaluate -3 + (21 - 3) - (-8 - -17).
6
(35 - 42) + -2 + 9
0
What is -8 - (0 + (0 - -5) - 4)?
-9
What is the value of -2 - -4 - -1 - (0 + 7) - -1?
-3
Calculate 22 - 8 - 3 - (9 - 12).
14
21 - 29 - 4 - 2
-14
Evaluate 1 + (33 - -38) + -46.
26
What is the value of (1 + -16 - (32 - 36)) + -2?
-13
-5 + 4 + 0 + 2 + -5
-4
What is the value of (-12 + -76 - -53) + (0 - -10)?
-25
Evaluate (-9 - -4) + 8 + (9 - 11).
1
Calculate (4 - -4) + -5 + 1.
4
What is (22 - 7) + -9 - 7 - (-11 + 0)?
10
Evaluate 8 - ((2 - -2) + (-40 - -34)).
10
What is 10 + -8 + 12 - 11?
3
1 + 4 + 2 - (-2 + (5 - 10))
14
What is the value of 9 - (-3 + (16 - -8))?
-12
What is (-11 - -4) + 17 + (10 - 4)?
16
What is 0 + -1 - (-32 + 30 - 6)?
7
Calculate -4 + (7 - (-37 + 30 + 8 + 1)).
1
29 + (-7 - -13 - 30)
5
(-15 - (40 - 49)) + 31
25
Calculate -16 + (-10 - (-11 - 3)).
-12
(-1 - 0) + 905 + -889
15
Evaluate -7 - (-1 - 1 - (-1 + 1 + -4)).
-9
Calculate (-2 - 1) + -199 + 216.
14
Calculate -11 + 1 + (-10 - (8 - 47)).
19
(-11 + -5 - -16) + -3
-3
What is the value of 2 - 8 - ((1 - 9) + -1 - 0)?
3
-1 + 24 + -530 + 529
22
(0 - (-16 - -22)) + 26
20
Evaluate 21 - ((21 - 24) + 6).
18
What is the value of -5 + (-8 - (-32 - -15))?
4
Evaluate 8 + 10 - ((3 - -1) + 0 + 0).
14
Calculate -28 + 1 - (44 + (-21 - 14)).
-36
(2 + 11 - (-39 + 14)) + -17
21
What is 5 + -15 + 17 - (-1 + (4 - 1))?
5
Calculate -42 + 36 + (4 - (5 - 3)).
-4
25 + (-8 - (11 + -4))
10
What is 1 + -6 + 0 - -15 - 7?
3
What is -22 - (36 + -10 - 60)?
12
Calculate (-19 - ((6 - 9) + 4)) + -4 + 10.
-14
What is the value of 4 + -14 - ((-2 - -2) + 5 + -1)?
-14
-7 - -27 - -4 - (13 + -5)
16
Calculate (-36 - -36) + (11 - 2).
9
What is the value of 1 + -1 + -3 - (15 + 21 + -34)?
-5
Evaluate 9 + -15 + 35 + -25.
4
Calculate 4 + -22 + 30 + -1 + (-35 - 0).
-24
Calculate 27 + (-9 - (-5 - -9)) + (8 - 2).
20
Calculate (-1 + -7 - -2) + -7 + 6.
-7
Evaluate -2 - (-34 - -10 - -3).
19
What is 11 - (-5 + -7 + 38 + -7)?
-8
What is (-29 - -33) + 1 + 4?
9
-7 + 2 + (-26 + 27 - (11 - -1))
-16
-30 + 1 - (-29 - -17 - -18 - 5)
-30
Calculate 20 - 15 - (7 + 7).
-9
What is the value of 19 - (-23 + 48 - (18 + -2))?
10
-1 + (-3 - -2) + 213 + -220
-9
Evaluate 17 + (-37 - -11) + 10.
1
What is the value of (8 - 0) + (-4 + (3 - 5) - -4)?
6
5 - 0 - (23 + -5 + -40)
27
Evaluate 5 - -1 - (10 - (-5 + (-31 - -11))).
-29
What is -11 - 0 - (2 + 0 + (15 - 14))?
-14
Evaluate 3 - (12 + 11 + -19).
-1
1 + -3 + (3 - -8) + (-1154 - -1152)
7
Calculate -8 + (13 - (18 + -9)) + -6.
-10
What is -6 - ((-3 - 4) + -15)?
16
Evaluate 21 + 2 + (-11 - (9 + -14)).
17
Calculate 2 + -9 + (11 + -9 - -10).
5
What is the value of 15 - (-1 + -18) - 29?
5
Calculate (2 - 13) + 15 + 0 - -13.
17
What is the value of -2 - 0 - (39 + -108 + 67)?
0
(-5 - -8) + 6 + 1 + 2
12
What is the value of 3 + (-60 + 47 - (-10 + 3))?
-3
What is the value of 9 + (-13 - 8) + (-6 - -15)?
-3
What is 9 - 0 - (28 + 17 + -10)?
-26
Calculate -277 + 294 + -1 + (0 - 2) + 5.
19
(-7 - -21) + -18 - 5
-9
-5 - (-2 + -1) - (-13 - -21)
-10
Calculate 6 + (-5 - -5) + -69 + 79.
16
-23 - 2 - (-40 - -2)
13
Evaluate 21 - (20 + -16 - (3 + -1) - -4).
15
What is 10 - (14 - (-14 + (-15 - -12)))?
-21
What is the value of 41 + -31 + -14 + 2?
-2
What is -12 + -2 + 6 + 10 + 2?
4
Calculate -30 + (-25 + 66 - 19).
-8
What is (-23 - (-21 - 15)) + -13?
0
What is the value of (-35 - -5) + -19 + 44?
-5
Calculate -12 + (6 - 1) + (-15 - (0 - 5)).
-17
Evaluate 5 + 1 + -17 + 5 + -1.
-7
What is 21 + -1 - (25 - (36 + -13))?
18
What is the value of (-17 - -15) + 11 + (6 - -7) + -2?
20
What is -18 + (-9 - -18) - (-8 + 0) - -9?
8
What is -17 + -1 - (104 + -54 + -83)?
15
What is -6 + 12 - ((-8 - -4 - -6) + 4)?
0
Evaluate 37 - 4 - (-11 + 27).
17
Evaluate 6 - -8 - (11 + -8).
11
What is (-32 - 3) + 4 + (-2 - -19)?
-14
(13 - 2) + -7 + (-9 - -1) + 19
15
Evaluate 22 + -13 - 8 - (-7 + -1).
9
What is the value of -6 - (-7 + 14 + -22 + 11)?
-2
What is the value of -2500 - -2507 - (9 - 1)?
-1
Evaluate 5 + (10 - 8) - (1 - (-7 - 0)).
-1
Calculate 6 - (9 + 0 + -10 + 8).
-1
Calculate 6 + (6 - 2 - (-42 + 39)).
13
What is the value of -19 + -5 + (6 - -25 - 23)?
-16
What is the value of (9 - -1) + -160 + 168?
18
Calculate -1 + -6 + (23 - (-11 + 21)) + 5.
11
Calculate -18 - (16 + -16 - 18).
0
What is the value of -2 - ((-10 - (-2 + -7)) + -4)?
3
Evaluate -1 - ((0 - 4) + (-1 - -1 - -9)).
-6
Evaluate 3 - 1 - (2 + -10 + -1).
11
What is (-29 - (5 - 7)) + 27 + -19?
-19
Calculate 1 - (-1 - -4) - (-1 + (-11 - -17)).
-7
What is (1 - 4 - (13 - 9)) + (3 - -21)?
17
What is 6 + 14 + 7 + -19?
8
Evaluate (8 - (39 + -27 + (-14 - -3))) + 29.
36
Evaluate 14 - ((6 - 6) + (-7 - -8)) - 1.
12
Calculate (3 - -3) + (32 - (15 - -1) - 50).
-28
What is the value of 10 + (6 - 8) + 1 + -3?
6
Calculate 0 + (5 - -1 - (0 + 5)).
1
-31 + -17 + 39 - (3 - 0)
-12
What is the value of -3 - (7 - (13 + 13 + -5))?
11
What is -31 - ((2 - -5) + -3 - (23 - 18))?
-30
2 - (-26 + 22) - 39
-33
What is (-11 - -14 - ((-4 - 13) + 4)) + 2?
18
Evaluate (-18 + 27 - 9) + (1 - -6).
7
What is (-8 - 1 - (7 + -17)) + 7 + 0?
8
Evaluate 9 + -8 + 12 + -6 + (1 - 6).
2
Evaluate (-8 + 5 - -30) + -9 + 16 + -7.
27
10 - -14 - (54 + -21)
-9
20 + 1 + (807 - 816)
12
0 - 2 - (0 - -10 - (-1 + 12))
-1
What is the value of 1 - ((10 - 8) + 8) - (2 + 0)?
-11
What is 16 + (0 - 6) + -13 + (9 - 0)?
6
Evaluate -13 - (14 + -4 + -15).
-8
What is the value of -8 + (-10 - (-1 - 43))?
26
What is the value of 13 - ((0 - -4) + (-113 - -112))?
10
Evaluate -1 + 0 - -10 - (-258 + 254).
13
Calculate (8 - 1 - (35 - 43)) + 10.
25
Evaluate 0 - -32 - (-1 - 19 - -33).
19
Evaluate -4 - (13 + (-13 - (-8 - 2))).
-14
What is the value of 3 + 13 + 2 + -1 + 65 + -73?
9
Calculate 0 - (-27 + 14 - (4 - -2)).
19
Calculate (13 - 14) + 4 - 15.
-12
Calculate 9 - (33 + -6 + -8).
-10
Calculate -11 + 2 + 8 + -16 + -3.
-20
What is (-9 - 3 - -4) + 24 + -16?
0
-14 + 1 + -15 + 6
-22
-8 - (14 - 4 - (-2 - -28))
8
16 + -24 - -39 - 20
11
What is the value of -6 + 1 + 982 + -979?
-2
What is the value of 15 + (8 + 0 - 8 - -3)?
18
What is -1 + 3 + 3 + 7 + -16 + 12?
8
What is the value of -4 - (-6 - (15 - 13))?
4
32 + -1 + (-15 + 29 - -4 - 23)
26
Evaluate (-56 - (45 - 117)) + -8 + -1.
7
What is the value of 1 + -12 + -17 + 4 + 33 + -12?
-3
Evaluate -2 - (11 - -5 - 8).
-10
Evaluate -6 - (3 - -6) - (-9 + -1 + 7).
-12
Evaluate -3 - (-1 - -17 - -7).
-26
Calculate -8 - (-8 - (-22 + 1)).
-21
Evaluate 22 + (19 - (-31 + 52)).
20
5 + -23 + 17 - 15
-16
-2 - (4 - -2) - (-29 + 12)
9
Calculate (44 - (-19 + 38)) + -36.
-11
Evaluate (6 - 26 - -61) + -34.
7
Calculate 6 + (-8 - 4) + (1 - -4) - -2.
1
Calculate 4 + (2 + -8 - (21 - (11 + -2))).
-14
What is (-67 - -20) + 34 - (6 + -1)?
-18
Evaluate 2 + 5 + -5 - (-2 + -1) - -4.
9
(39 - (31 + -13)) + -33
-12
What is (-2 - -5) + -12 + (-7 - -19) + 4?
7
What is the value of 2 + (9 - (8 - -2)) + 15?
16
3 + (-221 + 226 - (0 + 2 - 1))
7
(0 - -9) + -3 + 13 + -14 + 2
7
(2 - 9 - (2 - (1 - 5))) + 1
-12
(4 - 5) + -16 + 12 + 3
-2
Calculate -3 - -1 - (-225 - -206).
17
Calculate (-56 - -54 - -14) + (-1 - -19).
30
Evaluate 18 + (7 - 10) + -14.
1
What is the value of 140 + -141 + (0 - (-5 + 2))?
2
Evaluate -46 + 65 + (2 - 34).
-13
-13 - (22 + (0 + 16 - 20))
-31
Calculate 2 + -4 + -14 + 31 + -18.
-3
Calculate 8 - 28 - (-12 + -4 + 2).
-6
What is 2 + 14 + -6 + 2?
12
Evaluate 8 - (-7 + 17 + -3).
1
What is -7 - 8 - 0 - (55 + -90)?
20
Evaluate 3 - (-8 + 1 + 4